f 83125 and 315.
35
Calculate the greatest common divisor of 4618877 and 593.
593
Calculate the greatest common divisor of 1588 and 45258.
794
Calculate the greatest common factor of 3501750 and 58.
58
Calculate the greatest common factor of 75 and 10775.
25
Calculate the highest common factor of 20202 and 3087.
21
Calculate the greatest common factor of 6463 and 10397.
281
What is the greatest common divisor of 1511867 and 7?
7
What is the highest common factor of 4098 and 222?
6
Calculate the highest common factor of 32 and 113952.
32
Calculate the greatest common divisor of 786807 and 138.
69
What is the highest common divisor of 1305 and 58?
29
What is the greatest common factor of 9 and 29963097?
9
What is the highest common divisor of 82511 and 34892?
143
Calculate the highest common factor of 122491 and 2824.
353
What is the highest common factor of 1343 and 221?
17
Calculate the highest common factor of 71557 and 652.
163
Calculate the highest common factor of 697 and 322793.
41
What is the highest common divisor of 870 and 1194510?
870
What is the highest common divisor of 29156 and 4477?
37
Calculate the greatest common divisor of 384149 and 3009.
1003
What is the highest common divisor of 6596 and 23183?
97
What is the greatest common divisor of 941 and 19?
1
Calculate the greatest common factor of 2 and 18374.
2
What is the highest common factor of 290 and 16501?
29
What is the highest common factor of 153297 and 108?
9
What is the greatest common divisor of 42405 and 6168?
771
What is the highest common divisor of 3484 and 1508?
52
Calculate the greatest common factor of 531482 and 14.
14
Calculate the greatest common factor of 135 and 77301.
27
What is the greatest common divisor of 3860813 and 11?
11
Calculate the highest common factor of 192 and 1446.
6
Calculate the greatest common divisor of 428 and 125939.
107
What is the highest common factor of 64 and 449864?
8
What is the greatest common divisor of 1824 and 2964?
228
Calculate the highest common divisor of 20454 and 711507.
1461
Calculate the greatest common divisor of 304 and 8576.
16
What is the greatest common factor of 50995 and 14?
7
What is the highest common divisor of 121 and 6072?
11
Calculate the highest common factor of 54993 and 69.
69
Calculate the highest common factor of 20374 and 183.
61
Calculate the highest common divisor of 19000 and 2875.
125
Calculate the highest common divisor of 149058 and 84.
42
Calculate the highest common factor of 2653 and 30699.
379
What is the greatest common factor of 855 and 18335?
95
What is the highest common divisor of 850126 and 46?
46
Calculate the greatest common factor of 46612 and 813.
271
Calculate the highest common factor of 303 and 571559.
101
Calculate the greatest common divisor of 6215 and 66.
11
Calculate the highest common divisor of 135 and 20115.
135
What is the highest common factor of 54014 and 1434?
478
What is the highest common divisor of 692054 and 52954?
1826
What is the highest common divisor of 932 and 508?
4
What is the greatest common factor of 21 and 88977?
21
Calculate the greatest common divisor of 271714 and 412.
206
What is the greatest common factor of 850 and 1250?
50
What is the highest common factor of 3097 and 27547?
163
Calculate the greatest common factor of 108060 and 40.
20
What is the greatest common divisor of 126512 and 704?
16
Calculate the highest common factor of 341 and 159126.
11
Calculate the greatest common factor of 45 and 740010.
15
What is the greatest common divisor of 996593 and 507?
169
Calculate the highest common factor of 1637 and 2524254.
1637
What is the greatest common factor of 1363 and 4324?
47
What is the highest common factor of 2785 and 3392130?
2785
What is the highest common factor of 5568 and 224064?
192
What is the greatest common factor of 2096 and 2489?
131
Calculate the greatest common factor of 70176 and 1056.
96
What is the greatest common factor of 5949 and 1008?
9
What is the greatest common divisor of 1886 and 1558?
82
Calculate the highest common divisor of 1006342 and 131.
131
Calculate the greatest common divisor of 385 and 81060.
35
What is the highest common divisor of 790133 and 244?
61
Calculate the greatest common divisor of 1048692 and 281.
281
What is the greatest common factor of 168210 and 140?
70
Calculate the highest common factor of 750183 and 189.
21
Calculate the highest common divisor of 21 and 2939496.
21
Calculate the highest common divisor of 1190 and 2590.
70
Calculate the greatest common factor of 94097 and 73.
73
Calculate the highest common divisor of 92217 and 531.
177
What is the greatest common divisor of 115 and 4163?
23
What is the greatest common factor of 12672 and 44748?
396
Calculate the greatest common factor of 1395 and 1585185.
465
Calculate the highest common factor of 378 and 1586574.
54
What is the greatest common divisor of 37 and 4699?
37
What is the greatest common factor of 2440 and 6120?
40
What is the highest common factor of 864 and 247680?
288
What is the highest common divisor of 160 and 4910?
10
What is the greatest common factor of 11537 and 166?
83
Calculate the highest common factor of 204 and 12756.
12
What is the greatest common factor of 187 and 219197?
11
What is the highest common factor of 54 and 69660?
54
What is the highest common divisor of 2001 and 1403?
23
What is the greatest common factor of 2343 and 198?
33
What is the greatest common divisor of 26688 and 1344?
192
What is the highest common divisor of 5629 and 208?
13
Calculate the highest common factor of 427565 and 2.
1
What is the highest common divisor of 869 and 319?
11
What is the highest common divisor of 74214 and 1330?
266
What is the highest common divisor of 632196 and 1224?
612
Calculate the highest common factor of 841 and 425111.
29
What is the greatest common factor of 640 and 66080?
160
Calculate the greatest common divisor of 190 and 1270435.
95
Calculate the greatest common factor of 626582 and 418.
418
Calculate the highest common factor of 109 and 2446723.
109
Calculate the highest common factor of 1725446 and 244.
122
What is the greatest common divisor of 1140 and 17640?
60
What is the greatest common factor of 381644 and 3212?
292
What is the highest common divisor of 639 and 172317?
213
Calculate the greatest common divisor of 11084 and 238.
34
Calculate the highest common divisor of 373815 and 18105.
1065
Calculate the highest common divisor of 918 and 6858.
54
What is the greatest common divisor of 220381 and 7?
7
Calculate the greatest common divisor of 100616 and 760.
8
What is the highest common divisor of 13 and 6957782?
13
What is the greatest common divisor of 144 and 56976?
48
What is the greatest common divisor of 3519 and 4126614?
1173
What is the highest common factor of 662 and 547805?
331
What is the greatest common factor of 9766 and 1881?
19
Calculate the highest common divisor of 12 and 57.
3
Calculate the greatest common factor of 18504135 and 705.
705
Calculate the highest common divisor of 806 and 436046.
806
What is the greatest common divisor of 684 and 21508?
76
Calculate the highest common divisor of 118 and 35120.
2
What is the greatest common factor of 315 and 1008?
63
What is the greatest common divisor of 33 and 14499?
3
What is the highest common factor of 162 and 174?
6
Calculate the highest common divisor of 2432 and 380.
76
Calculate the highest common factor of 397850 and 10.
10
Calculate the greatest common factor of 6408 and 288.
72
Calculate the highest common factor of 24 and 1319634.
6
Calculate the highest common divisor of 318744 and 9576.
1368
What is the greatest common divisor of 3856 and 752?
16
Calculate the highest common factor of 5004 and 1026.
18
Calculate the greatest common divisor of 4697 and 1506456.
427
What is the greatest common factor of 456 and 1921356?
228
Calculate the highest common factor of 5724 and 862893.
1431
What is the greatest common divisor of 413 and 32863?
59
Calculate the greatest common divisor of 15624 and 1152.
72
Calculate the greatest common factor of 501294 and 261.
87
What is the greatest common divisor of 940 and 16?
4
Calculate the greatest common divisor of 2566180 and 155.
155
What is the greatest common divisor of 